z is divided by 38?
16
Suppose 4*v - 2*o = -o + 21, 2*o + 12 = 3*v. Let f(l) = -194*l - 507. What is the remainder when f(-3) is divided by v?
3
Let b = 63 - 62. Suppose 5*f = h - b - 5, h - 4*f = 7. Let x = 19 - -2. Calculate the remainder when x is divided by h.
10
Let a = -11 + 18. Let p(x) be the second derivative of x**4/6 - 5*x**3/3 - 17*x**2/2 - 34*x. Calculate the remainder when 53 is divided by p(a).
9
Let w(p) = -75*p + 348. Calculate the remainder when w(-5) is divided by 145.
143
Let g be (108/72)/((-6)/(-8)). Let x(s) = 100*s - 3. Calculate the remainder when x(g) is divided by 1/(-2) - 222/(-12).
17
Let x(z) = 3*z + 45. Let a be x(-14). Let d = 9 + a. Suppose d*s - 734 - 430 = 0. What is the remainder when s is divided by 49?
48
Let h(p) = p**2 - 2*p. Let k(c) = c**3 - 5*c**2 + 11*c - 7. Let m be k(3). Suppose 0 = -m*s + 6*s + 14. What is the remainder when s is divided by h(3)?
1
Suppose 8*h + 201 = 28*h + 81. What is the remainder when 1503 is divided by h?
3
Let u(p) = 164 - p**2 - 37*p + 16*p - 13*p. What is the remainder when 454 is divided by u(-38)?
10
Suppose -5*l + 3*v = -191, 0 = 4*l + l + 3*v - 209. What is the remainder when (-504270)/(-2574) + 1/11 is divided by l?
36
Suppose 10*b - 3329 = -2939. Calculate the remainder when 458 is divided by b.
29
Suppose -q + o - 3 = 0, 0 = 8*o - 4*o + 12. Let j(x) be the first derivative of 2*x**3/3 + 9*x**2/2 + x + 84. What is the remainder when 71 is divided by j(q)?
14
Let z(f) = 3*f**3 - 9*f**2 - f**3 + 57 + 18 + 10*f**2. Calculate the remainder when z(0) is divided by 9.
3
Let w = 10110 - 7176. Calculate the remainder when w is divided by 196.
190
Let x be -31*1 - 4/4. Suppose 40 = d + 5*b - 15, 4*d - 4*b = 292. Let m = x + d. Calculate the remainder when m is divided by 8.
6
Suppose 4*d = 5*l - 1853, 4*l - 5*d = 254 + 1232. What is the remainder when l is divided by 64?
49
Suppose 177*y - 186*y = -12789. Calculate the remainder when y is divided by 16.
13
Let z = -7174 - -7208. What is the remainder when 150 is divided by z?
14
Suppose 4776*p = 4772*p + 488. Suppose p = 5*y + s + 39, 0 = -3*y - 2*s + 54. Let z = 12 - 7. What is the remainder when y is divided by z?
1
Suppose 716 = 16*x - 12*x. Calculate the remainder when x is divided by ((-5)/2)/((-4)/(288/4)).
44
Let z = -16 - -20. Suppose 2*p - 320 = -z*w - w, 4*p + w = 604. What is the remainder when p is divided by 14?
10
Let o be (-3 + 5)/((-32)/(-48)). Suppose -172 = -5*r + o*x, -2*r + 79 + 5 = -5*x. What is the remainder when r is divided by 2?
0
Suppose -2*z + v = -1065, -11*v + 13*v - 520 = -z. Let y = -479 + z. Calculate the remainder when y is divided by 13.
12
Suppose 3924*p = 3916*p - 16. Let c(y) be the second derivative of -37*y**3/6 + 3*y**2 + 2*y. What is the remainder when c(p) is divided by 27?
26
Suppose 5*h - k = 1205, 4*h - 1119 = -4*k - 155. Let w = 275 - h. Calculate the remainder when 84 is divided by w.
16
Let l = 7760 - 7744. Let f = -3 + 1. What is the remainder when 79 - (0 - -3) - f is divided by l?
14
Suppose -5*x + 1336 = 1096. Let i = -350 + 361. What is the remainder when x is divided by i?
4
Calculate the remainder when (((-4)/5)/(6/(-20)))/((-146)/(-6351)) is divided by 26.
12
Let h(a) = 4*a**2 + 2*a + 3. Let k(l) = -l**2 - 1. Let g(q) = h(q) + 3*k(q). Let f(x) = -818*x + 2509. What is the remainder when f(3) is divided by g(-5)?
10
Suppose -m - 6*y + 2*y = -5, -4*y = 0. Suppose 3*k + m*s = k + 23, 4*s - 49 = -5*k. Suppose k*a - 6*a = 12. What is the remainder when 21 is divided by a?
1
Suppose 5*r = 4*r - 1, -4*r = -k + 10. What is the remainder when (((-99)/k)/((-13)/(-26)))/(-1) is divided by 17?
16
Suppose 795 = 5*p - 3*d, 4*p + 39*d - 614 = 37*d. Suppose -17*u + 411 = p. Let c = 260 + -174. Calculate the remainder when c is divided by u.
11
Let w = 65 + -63. Let o(h) = 12*h**2 - 15*h + 2. Calculate the remainder when 39 is divided by o(w).
19
Let l(g) = -4*g + 14 + 49 - 29 + 40. Calculate the remainder when l(-6) is divided by 10.
8
Suppose -15*i = -2*n - 13*i + 210, n = 10*i + 33. What is the remainder when n is divided by 81?
32
Suppose 20*v - 98 - 282 = 0. Suppose -5*m = -3*h - 64, -5*m + 7*m = -h + v. Calculate the remainder when 74 is divided by m.
8
Suppose -9*k = 813 - 111. Let j = k + 153. Let d = 264 - 253. What is the remainder when j is divided by d?
9
Let y = 749 + 1772. Calculate the remainder when y is divided by 4.
1
Suppose -5*r - 153*s + 1753 = -154*s, 2*r + s - 704 = 0. Calculate the remainder when r is divided by 113.
12
Calculate the remainder when (5468/10)/((8/(-60))/(1/(-3))) is divided by 9.
8
What is the remainder when ((-47)/2)/(-1)*(119 + -83) is divided by 121?
120
Let o(c) = -c**3 + 52*c**2 - 573*c - 84. Suppose 700 = 5*a + 4*h, -3*h + 155 = a + 15. Calculate the remainder when a is divided by o(36).
20
Let i(t) = 1807*t - 449. What is the remainder when i(2) is divided by 176?
173
Let m(d) = 58*d**2 + 81*d - 79. What is the remainder when m(4) is divided by 236?
229
Let g be (-11)/(55/15) + 3. Suppose 2*z + y = 16 + 10, 4*z + 4*y - 52 = g. Calculate the remainder when 154 is divided by z.
11
Suppose 9722 = 22*j + 2719 - 2831. What is the remainder when j is divided by 112?
111
Let j = 6088 - 5951. Calculate the remainder when j is divided by 88.
49
Suppose 3*c = 13 + 32. Let k(q) = -q**2 + 93*q - 140. What is the remainder when k(82) is divided by c?
12
Let p(m) = m**2 + 11*m + 24. Let s be p(-4). Let h(o) = -o**2 - 3*o + 15. Calculate the remainder when h(s) is divided by 4.
3
Let f = 868 - 438. Let h = f + -404. What is the remainder when 80 is divided by h?
2
Let c(w) = 33*w + 40. Let f be c(8). Suppose 16*p - 13*p = -4*v + 259, 5*v + f = 3*p. Calculate the remainder when p is divided by 40.
13
Let z(d) = 47*d**2 + 984*d - 52. What is the remainder when 393 is divided by z(-21)?
8
Let r = 2 + 0. Suppose -3*f + 251 = -4*a, -2*f + 163 = r*a + 19. Suppose 30 = 5*n + 4*x - 20, 5*n = -x + 35. What is the remainder when f is divided by n?
5
Suppose 148 - 16 = 12*f. Suppose -9*j = -f*j + 80. Suppose 9*k - j = 4*k. Calculate the remainder when 23 is divided by k.
7
Let j be -2*3/24 + 4488/32. Let u = j + -49. Let w = u - 79. Calculate the remainder when 55 is divided by w.
7
Let r = 85 + -70. Suppose r*d - 10 = 65. Let b(k) = -17*k + 1. Calculate the remainder when b(-1) is divided by d.
3
Suppose -5*u = 26*u - 31603 - 3055. What is the remainder when u is divided by 25?
18
Let p(u) be the first derivative of -u**4/4 - 14*u**3/3 - 3*u**2/2 - 44*u + 31. What is the remainder when p(-15) is divided by 19?
17
Let s = 37037 + -22347. Suppose -s = -23*m - 3*m. Calculate the remainder when m is divided by 71.
68
Suppose -17 + 719 = 27*i. Suppose 4*l = 2*b - 26, -i = 2*b - 4*b - 2*l. What is the remainder when 40 is divided by b?
1
Suppose 2*z + g = -3*z + 1312, 0 = -z - 2*g + 257. Calculate the remainder when z is divided by (7/(7/6))/(15/35).
11
Let i(v) = v**3 - v**2 + 2. Let u be i(3). Suppose -3*y + u = 7*y. Suppose n - 61 = -y*w, 2*w - 5*n = w + 47. Calculate the remainder when 94 is divided by w.
30
Suppose -423 = 216*x - 225*x. Let f = -1328 + 1357. Calculate the remainder when x is divided by f.
18
Let p = -20737 + 34657. What is the remainder when p is divided by 236?
232
Suppose 0 = t + t - 0*t. Suppose i - 2*c = -c + 24, i + 3*c - 32 = t. What is the remainder when i is divided by 15?
11
Let n(v) = 5*v**2 + 142*v + 734. What is the remainder when 3297 is divided by n(-29)?
13
What is the remainder when -6*1*(-3 + (-170)/20) is divided by 50?
19
Suppose 2975 = 81*z - 12496. Calculate the remainder when 1141 is divided by z.
186
Suppose -38 = -3*x + 43. Suppose 0 = x*y - 23*y - 604. What is the remainder when y is divided by 38?
37
Suppose 4*m + 3*k - 45 = -9, -2*m - 3*k = -24. What is the remainder when -4*-5*(-3)/45*-39 is divided by m?
4
Suppose -9*m = -3*t - 2187, 3*t = 20*m - 18*m - 479. Let v = 62 - 26. Calculate the remainder when m is divided by v.
28
Suppose 53*o - 4256 = -3*o. What is the remainder when o is divided by 10?
6
Let f(l) = 19 - 75*l + 6 + 4 + 6*l. What is the remainder when f(-1) is divided by 36?
26
Let g(j) = -j + 3. Let l(d) = -9*d**2 - 57*d + 11. Let v be l(-6). Suppose 4*z = -v + 69. Calculate the remainder when z is divide